{"id":956,"date":"2020-05-26T08:34:55","date_gmt":"2020-05-26T07:34:55","guid":{"rendered":"https:\/\/www.lamaisongueth.eu\/wordpress\/?page_id=956"},"modified":"2020-08-18T09:13:35","modified_gmt":"2020-08-18T08:13:35","slug":"covid-19","status":"publish","type":"page","link":"https:\/\/www.lamaisongueth.eu\/fr\/intentions\/covid-19\/","title":{"rendered":"In Memoriam"},"content":{"rendered":"<p>Joachim G\u00fcth s&rsquo;en est all\u00e9, rejoindre son \u00e9pouse Gisela dans le jardin \u00e9ternel des po\u00e8tes et des id\u00e9alistes.<br \/>\nIl aimait ce qui est beau et juste ; il a choisi de partir samedi 30, par un matin ensoleill\u00e9 du joli mois de mai.<br \/>\nJovi, dans ton jardin, le lilas fleurira toujours, et nous chanterons aux beaux jours.<\/p>\n<p><a href=\"https:\/\/www.lamaisongueth.eu\/wordpress\/wp-content\/uploads\/2020\/06\/JOVI002-e1591274336945.jpg\"><img loading=\"lazy\" decoding=\"async\" class=\"alignnone size-full wp-image-965\" src=\"https:\/\/www.lamaisongueth.eu\/wordpress\/wp-content\/uploads\/2020\/06\/JOVI002-e1591274336945.jpg\" alt=\"\" width=\"1200\" height=\"800\" \/><\/a><\/p>","protected":false},"excerpt":{"rendered":"<p>Joachim G\u00fcth s&rsquo;en est all\u00e9, rejoindre son \u00e9pouse Gisela dans le jardin \u00e9ternel des po\u00e8tes et des id\u00e9alistes. Il aimait ce qui est beau et juste ; il a choisi de partir samedi 30, par un matin ensoleill\u00e9 du joli mois de mai. Jovi, dans ton jardin, le lilas fleurira toujours, et nous chanterons aux<span class=\"more-link\">Continue reading<\/span><\/p>\n","protected":false},"author":1,"featured_media":957,"parent":2,"menu_order":0,"comment_status":"closed","ping_status":"closed","template":"","meta":{"footnotes":""},"class_list":["post-956","page","type-page","status-publish","has-post-thumbnail","hentry"],"_links":{"self":[{"href":"https:\/\/www.lamaisongueth.eu\/fr\/wp-json\/wp\/v2\/pages\/956","targetHints":{"allow":["GET"]}}],"collection":[{"href":"https:\/\/www.lamaisongueth.eu\/fr\/wp-json\/wp\/v2\/pages"}],"about":[{"href":"https:\/\/www.lamaisongueth.eu\/fr\/wp-json\/wp\/v2\/types\/page"}],"author":[{"embeddable":true,"href":"https:\/\/www.lamaisongueth.eu\/fr\/wp-json\/wp\/v2\/users\/1"}],"replies":[{"embeddable":true,"href":"https:\/\/www.lamaisongueth.eu\/fr\/wp-json\/wp\/v2\/comments?post=956"}],"version-history":[{"count":6,"href":"https:\/\/www.lamaisongueth.eu\/fr\/wp-json\/wp\/v2\/pages\/956\/revisions"}],"predecessor-version":[{"id":971,"href":"https:\/\/www.lamaisongueth.eu\/fr\/wp-json\/wp\/v2\/pages\/956\/revisions\/971"}],"up":[{"embeddable":true,"href":"https:\/\/www.lamaisongueth.eu\/fr\/wp-json\/wp\/v2\/pages\/2"}],"wp:featuredmedia":[{"embeddable":true,"href":"https:\/\/www.lamaisongueth.eu\/fr\/wp-json\/wp\/v2\/media\/957"}],"wp:attachment":[{"href":"https:\/\/www.lamaisongueth.eu\/fr\/wp-json\/wp\/v2\/media?parent=956"}],"curies":[{"name":"wp","href":"https:\/\/api.w.org\/{rel}","templated":true}]}}

<p>Joachim Güth s&rsquo;en est allé, rejoindre son épouse Gisela dans le jardin éternel des poètes et des idéalistes.<br />
Il aimait ce qui est beau et juste ; il a choisi de partir samedi 30, par un matin ensoleillé du joli mois de mai.<br />
Jovi, dans ton jardin, le lilas fleurira toujours, et nous chanterons aux beaux jours.</p>
<p><a href="https://www.lamaisongueth.eu/wordpress/wp-content/uploads/2020/06/JOVI002-e1591274336945.jpg"><img loading="lazy" decoding="async" class="alignnone size-full wp-image-965" src="https://www.lamaisongueth.eu/wordpress/wp-content/uploads/2020/06/JOVI002-e1591274336945.jpg" alt="" width="1200" height="800" /></a></p>

<p>Joachim Güth s&rsquo;en est allé, rejoindre son épouse Gisela dans le jardin éternel des poètes et des idéalistes. Il aimait ce qui est beau et juste ; il a choisi de partir samedi 30, par un matin ensoleillé du joli mois de mai. Jovi, dans ton jardin, le lilas fleurira toujours, et nous chanterons aux<span class="more-link">Continue reading</span></p>
